 + 5. Let y(d) = -d - 4. Let a(k) = -3*s(k) - 4*y(k). Let b = -8 - -12. Suppose 5*q - q + b = 0. What is a(q)?
0
Let f be 16 + -20 + 3*2. Let z(g) be the third derivative of 0*g**4 - g**f + 0 + 0*g - 1/60*g**5 + 1/3*g**3. Determine z(3).
-7
Let f(i) = -i**2 + 263*i**3 + 19*i - 18*i - 262*i**3 + 3. Suppose j + 2*x = 3*x + 4, 3*j + 8 = -2*x. Give f(j).
3
Let x(w) = 4*w**3 - w**2 + w - 1. Let n(t) = -t**2 + 2*t + 4. Let y be n(3). Determine x(y).
3
Suppose -w = -0 - 6. Let g(n) = -5*n. Let f(u) = -14*u. Let j(v) = -4*f(v) + 11*g(v). Determine j(w).
6
Let z(q) = 2*q + 9. Let o be 1/4 + (-116)/16. Give z(o).
-5
Let c(d) = -4*d + 3. Suppose 4*u = 13 + 15. Suppose -3*g = 2*g + 25. Let r = u + g. What is c(r)?
-5
Let v = 1 - -2. Suppose v*u + 4 = -i + 20, -u + 3*i = 8. Let s(x) = x**3 - 3*x**2 - 6*x + 3. Determine s(u).
-5
Suppose -7 = -25*v + 24*v. Let p(h) = -h + 6. Give p(v).
-1
Let h(s) = -s**3 - 2*s**2 + 2*s + 4. Let a(m) = 2*m - 4. Let q be a(6). Let z(r) = -4*r - 5. Let w be z(-4). Let k = q - w. What is h(k)?
7
Let p(h) = h**3 + h**2 - 2*h. Let a = 51 + -53. Give p(a).
0
Let h(y) = y**3 - 5*y**2 - 7*y + 5. Let g(k) = 7*k**2 - 2*k + 1. Let x be g(1). Calculate h(x).
-1
Let c(t) = -t. Let a = -3 + 2. Suppose 0 = 3*s - 4*s + 6. Let u(m) = -12*m + 1. Let g(v) = a*u(v) + s*c(v). Give g(1).
5
Let a(g) = -2*g**2 - g + 3. Let j(o) = 5*o**2 + 2*o - 5. Let p(h) = 5*a(h) + 3*j(h). Suppose 3*l - 8 = 4*m, 3*l = 2*m - l + 14. Calculate p(m).
6
Let k(u) = -u**2 - 3*u - 3. Let m(h) = 2*h + 8. Let b be (-9)/((-5)/(10/(-3))). Let r be m(b). What is k(r)?
-7
Let y(w) = 2*w - 1. Suppose 11*h - 5*h = -6. Determine y(h).
-3
Let d(x) = 0 + 0*x + 3 + x. Let y = -20 + 28. Suppose 2*s = -6, 0 = t - 3*s + 1 - y. Calculate d(t).
1
Let s(a) = 1. Let q(o) = o**3 - 4*o**2 - 2*o + 2. Let g(x) = -q(x) - 4*s(x). Let c be 1/(-3)*3*-4. Give g(c).
2
Let c(t) be the third derivative of t**5/60 - t**4/8 + 2*t**3/3 - 23*t**2. Determine c(5).
14
Let f(n) = 6*n**2 - 16*n - 21. Let g(z) = -z**2 + 3*z + 4. Let v(d) = -2*f(d) - 11*g(d). Suppose -12 = -4*s + 4*o, -s - 2*o = 2*s + 6. Calculate v(s).
-2
Let t(d) = 11*d**2 - 7*d - 5. Let j(y) = 9*y**2 - 6*y - 4. Let m(f) = 6*j(f) - 5*t(f). Determine m(2).
-5
Suppose -5*f + 11 = -3*o + 3, 5*f = 5*o + 10. Let n(l) = 21*l + 1. Give n(f).
22
Let m = -12 - -2. Let x be (m/(-8))/((-1)/(-4)). Let n(d) = x - d - 3 - 5. Calculate n(-2).
-1
Let a(t) = -t**2 - 6*t - 6. Let q = -15 + 11. Calculate a(q).
2
Let a(i) = 7*i - i - 7*i - 2. Give a(-6).
4
Let s be 4 - 2*9/2. Let c(z) = -z**2 - 4*z + 1. Give c(s).
-4
Let o(s) = 2*s**3 + 4*s**2 + 2*s - 2. Suppose -4*d = -2*d + 5*u + 24, -5*d + 10 = -5*u. Calculate o(d).
-6
Let j(d) be the first derivative of 11*d**2/2 + d - 2. What is j(-1)?
-10
Let b(t) = 2*t - 4. Let r(i) = 2*i - 4. Let p(q) = 3*b(q) - 4*r(q). Let w(a) = a**2 + 6*a + 5. Let f be w(-6). Suppose 0*d = -f*d + 25. Calculate p(d).
-6
Let x(w) = -5*w**3 - 12*w**2 - 8*w + 6. Let y(l) = -2*l**3 - 4*l**2 - 3*l + 2. Let f(h) = -4*x(h) + 11*y(h). Give f(2).
-4
Let f(t) = 20 - t + 9 - 39 + 17. What is f(0)?
7
Suppose v - 8 = 12. Suppose 0*d + 5*d - v = 0. Let o(n) = n**2 - 1 + n**3 + 0*n**2 + d*n - 5*n**2 + 0*n**3. Give o(3).
2
Let m = 6 - 8. Let p(c) be the second derivative of c**8/6720 - c**7/1260 - c**6/360 + c**4/2 - 7*c. Let d(o) be the third derivative of p(o). Give d(m).
-12
Let l(f) be the third derivative of -1/24*f**4 + 0 + 4*f**2 + 2/3*f**3 + 0*f. Let x = 11 - 7. Determine l(x).
0
Let r(l) = l**2 - 11*l - 3. Let x be r(11). Let j(k) be the third derivative of k**6/120 + k**5/12 + k**4/24 - k**3/3 + k**2. Give j(x).
13
Suppose -5*r - 2*t + 19 = 6, -2*t = 4*r - 10. Let v = r + 3. Let f(k) = -k + 1. Determine f(v).
-5
Let m(h) be the third derivative of h**6/120 - 7*h**5/60 + 2*h**3/3 + 7*h**2. Give m(7).
4
Suppose -10*n + 11*n + 3 = 0. Let q(c) = c**2 - 3. What is q(n)?
6
Let o(x) = -2*x - 5. Let l = -5 - -3. Let b(h) = -10*h - 25. Let q(y) = l*b(y) + 11*o(y). Suppose -2*g + 7*g + 25 = 0. Calculate q(g).
5
Suppose 18 = 5*v - 3*l - 0*l, -3*l = 3*v - 6. Let g(u) be the second derivative of -u**5/20 + u**4/4 - u**3/2 - u**2/2 + 10*u. Calculate g(v).
-10
Let v(m) be the first derivative of m**3/3 - 3*m**2 - 4*m - 9. Let q(n) = -n**2 + 1. Let j = 0 - -1. Let r(k) = j*v(k) + 2*q(k). Calculate r(-4).
6
Let l be ((-2)/(-6))/(2/30). Suppose t - 1 = -l. Let p(v) = v + 1. Give p(t).
-3
Suppose -4*i + 4*w - 4 = 0, 0 = -3*i + 7*w - 3*w - 4. Let f be (i - 1)*(-1)/(-1). Let j(k) = -4*k**3 - k**2 + 1. Calculate j(f).
4
Let u(i) = 3*i + 3*i - 5*i. Suppose 3*c = -4*h + 7*c - 12, -5*h + 2*c - 3 = 0. Let v be (2 - (h - 0))*-2. Calculate u(v).
-2
Let v(s) = s - 2. Let d(b) = -b + 11. Let l be d(4). What is v(l)?
5
Suppose -3*z = -15, -z = -h - 3*h - 25. Let g = h + 6. Let s(x) = -4*x**2 + x. Give s(g).
-3
Let m(s) be the second derivative of -1/24*s**4 - 3*s + 0 + s**2 + 1/6*s**3. Let w(v) be the first derivative of m(v). Give w(2).
-1
Let u(s) = 8*s**3 + 1. Let m be -3*((-6)/9 - -1). What is u(m)?
-7
Let d(o) be the third derivative of -1/120*o**6 + 1/12*o**5 + o**2 + 0 + 5/6*o**3 + 0*o + 0*o**4. Calculate d(5).
5
Let n be (4/(-6))/((-2)/24). Let r = n + -6. Let i(o) = o**2 + o + 2. What is i(r)?
8
Let c(s) = -3*s**3 + 62*s - 62*s + 5*s**3 - s**2. Determine c(-1).
-3
Let p(z) = 3*z + 1. Let h(l) be the first derivative of -1/2*l**2 - 7*l - 1. Let o be h(-8). Calculate p(o).
4
Let k = 9 - -5. Suppose w + 4*z = 5 + k, w + 5 = 2*z. Let q(s) = s**3 - 2*s**2 - 2*s + 2. Determine q(w).
5
Let y(p) = -p**2 + 8*p - 3. Let q(n) = 2*n**2 - 16*n + 7. Let d(v) = -4*q(v) - 9*y(v). Calculate d(7).
-8
Let m(y) be the second derivative of y**4/12 + 2*y**3/3 + 5*y**2/2 - y. Suppose -4*r + 0*r - 20 = 0. Calculate m(r).
10
Let q(i) be the third derivative of -i**5/60 - i**4/24 - 15*i**2. Suppose -3*h + 8*h = -15. Determine q(h).
-6
Suppose 2*f - f + 2*q + 6 = 0, 4*q + 18 = -5*f. Let w(h) be the first derivative of 3*h**2/2 + 3*h - 3. Determine w(f).
-3
Let c(y) = -119*y + 119*y + 1 - 22*y**3 + 2*y**3. Calculate c(-1).
21
Let n(a) = a - 6. Let x(z) = -z + 7. Let b(f) = -3*n(f) - 2*x(f). Give b(-7).
11
Suppose -3*i + 3 = -d + 20, -5*d + 5 = 5*i. Suppose d = -a - 0. Let j(z) = z**2 + 6*z - 7. Give j(a).
-12
Let c be (1 + (-63)/15)*-5. Suppose 4*a = 4*f + 8*a - c, 4*f - 5*a - 25 = 0. Let x(h) = h**3 - f*h - 2 + 3*h**2 + 3*h**2 - 4*h**2. Determine x(-3).
4
Let y be -1 + 1 + 1 + -1. Let l(b) = b - 8. Let u(s) = 6*s - 41. Suppose 0 = -2*v - 4*k + 4, -5*v + 10 = -2*k. Let f(o) = v*u(o) - 11*l(o). Determine f(y).
6
Let c be ((-8)/6)/(4/(-6)). Let y(q) = -5*q**2 + c*q**2 + 0*q - 1 + q**3 + 2 - 2*q. What is y(3)?
-5
Suppose 44*s = 49*s - 10. Let n(i) = 2*i**3 + 3*i**2 - i - 1. Calculate n(s).
25
Let l(h) = 7*h**2 - 1. Suppose 0 = -2*k - 3*p + 7, 0*k - p = 2*k - 1. Calculate l(k).
6
Let c be (-7)/(-14) - (-1)/(-2). Let y(f) be the second derivative of f**2 + c + 1/6*f**3 - 3*f - 5/12*f**4 + 1/20*f**5. What is y(5)?
7
Let g be 1/(-2) + (-8)/16. Let v(a) = -7*a**3 + a. Determine v(g).
6
Let c(q) = 0*q - q**2 + 6*q + 4*q**2 - 2*q**2. Give c(-5).
-5
Let n = -1 + 8. Let r = n - 4. Let f(h) = h**3 - 4*h**2 + 4. Calculate f(r).
-5
Suppose -5*o = -b - 15, -2*b + 30 = 3*o + 2*o. Let n(g) = 2 + 2*g + 2 - 7. Determine n(b).
7
Let i(f) be the third derivative of 0*f + 0 - 1/24*f**4 - f**2 - 1/2*f**3. What is i(3)?
-6
Let m = 6 + -4. Let j(h) = 0*h + 3*h**2 - 2*h**m + h**2 - 2*h. Calculate j(2).
4
Let v = -33 - -23. Let q = -6 - v. Let t(i) = i**2 - 2*i - 3. Calculate t(q).
5
Let d = 4 + -6. Let y = 4 + d. Let q(t) = t - y*t - t - 1. Calculate q(2).
-5
Suppose x + 2*x = 3. Suppose 0 = 3*p - 2*o + 8 - x, -2*p - 8 = -2*o. Let z(c) = 6*c + 1. What is z(p)?
7
Let d(b) = 6*b - 3. Let y be ((-2)/6)/((-14)/168). What is d(y)?
21
Let w(m) = m - 7. Let a(i) = -2*i + 13. Let g(d) = 4*a(d) + 9*w(d). Suppose u - 77 = -3*q, u - 127 = -8*q + 3*q. Suppose -10 + q = 3*o. Determine g(o).
-6
Let m(h) = 33 + h**2 + 2*h + 6*h - 31. Determine m(-3).
-13
Suppose 0*c + 5*c - 15 = 0, 5*d + 3*c - 4 = 0. Let y(o) = -3*o**3 - 2*o**2 - o. Calculate y(d).
2
Let m(r) = -5*r**3 + 0*r**3 + 4*r**2 - 2 + r + 4*r**3. Let u be 3/6*4 - 1. Let h be 4*u*(-2)/(-4). What is m(h)?
8
Let l(t) = 117*t**3 - t + 3*t**2 - 116*t**3 + 2 - t**2. Suppose